144 + -17091 + 16977.
29
Calculate -74 + -26 + 132 + -80.
-48
What is 28 + (8 + 39 - 37)?
38
Calculate -33 + 2 + -11 + 15 + 7.
-20
38 - (4 + 0 - (-2 + (0 + 3 - -2)))
37
Evaluate (-16 - 19) + (1 - (0 + 0)) - (413 + -419).
-28
Calculate 43 + 1 + 19 + (10 - 41).
32
Calculate -25 + (27 - 18 - -18) - (-1 + 12) - -28.
19
Evaluate -92 - (14 + -8) - (2 + 9 + -47 + 25).
-87
What is the value of 100 - 81 - (1 + 7) - (1 - -14)?
-4
-27 - (-26 + (20 - (2 + -8)))
-27
Calculate 0 - (-39 + -2) - (-41 - (20 - (42 - -9))).
51
Evaluate -35 - (-21 + -22 + 13).
-5
What is -9 - (-188 - -204 - (4 - 3 - 2))?
-26
What is the value of -24 + (-16 - -24) + (154 - 34)?
104
What is the value of (3 - 10) + (2 - 14) + -30?
-49
What is 7 - (0 + -3) - (2 + (-19 - (0 + 22)))?
49
What is (2 - 38) + -26 + 17 - -128?
83
What is -54 - ((-3 - -3) + (-62 - -65) - 21)?
-36
Evaluate (-1 - 1) + 2092 + -2119.
-29
What is the value of (4 + -17 - 17) + 3 + 6 + -3 + 1?
-23
What is 60 + (2 - -3) + (-533 - -516)?
48
Calculate (-54 - (-3 - -11) - (0 - (1 + -2))) + -8.
-71
What is the value of -25 + 0 - (-46 + (131 - 63))?
-47
(49 - 1) + -167 + 105 + 43
29
What is 66 + -69 + 53 + -107?
-57
-76 - (0 + -39 - (2260 + -2269))
-46
Evaluate -9 - (-25 + (-55 - -125)).
-54
Evaluate -31 + -75 - (22 - 94).
-34
(26 + -26 - 55) + (1 + -1 - -1)
-54
What is -290 + 305 - (-1 - -26)?
-10
What is (97 + -2 + -2 - 3) + 652 + -659?
83
What is the value of (16 + 57 + (-8 - -10) - 15) + -11?
49
What is 68 - 58 - ((0 + 9 - 5) + 10)?
-4
Evaluate (36 + -51 - 9) + (0 - 47).
-71
Evaluate 2 + (-10 - -1) - (-110 + 185 - (-9 + 0)).
-91
What is (-1 - (2 + (6 - 10))) + -17 + 19?
3
What is the value of 23 + (35 + -88 - -47)?
17
-7 - -2 - ((31 + -14 - -3) + -15)
-10
5480 + -5520 + -1 + -74
-115
Calculate -3 - (-17 - (-28 - (8 - 21))).
-1
Evaluate -62 - (15 + -23) - 0.
-54
8 - ((0 - 3) + (12 - (5 + 6 + -5)))
5
What is the value of -33 + (-3 - (46 - 94))?
12
What is the value of (-6 - -37) + 308 + -304?
35
What is the value of 11 + -73 + -8 + 63?
-7
Calculate 30 + (-40 - (24 - (9 - -15))).
-10
Calculate (27 - 36) + -10 + -8 + 59.
32
Evaluate (937 - 832) + (3 - 0) + -32.
76
What is the value of (-10 - 1) + (34 + -3 - (-170 - -158))?
32
Calculate -3 - (18 + (1 - 19) - 42).
39
What is the value of -1 + -3 + 59 - (43 + -36 - (-4 - -1))?
45
What is 20 - (14 + -71 - -14)?
63
What is the value of 7 - -18 - (308 - 292)?
9
23 + 0 + -6 + 7
24
What is 2 + -1 + (27 - 33) - 1 - (-24 + 32)?
-14
What is the value of -2 - -27 - (62 + -27 + -13)?
3
31 + (-30 - -21) + -3 + 78 - -20
117
What is the value of (0 - -8) + (4 - (-47 + 5 - -27))?
27
What is 64 + (-6 - 0 - -12 - (13 - (0 - -6)))?
63
Calculate 27 + -16 + -31 - (4 + -76).
52
Calculate 38 - 8 - (4 + (3 - -2) + -3) - -1.
25
Calculate 24 + (-81 + 134 - 63).
14
What is 36 + 15 + -33 - -60?
78
Calculate (103 - 25) + (6 - 9) + 7 + -19.
63
What is the value of -93 - -77 - (0 - 67) - 17?
34
What is (5 - -1 - 0 - (7 + -6)) + -2?
3
Evaluate 24 + -15 + 12 + -1 + 0 + 130 + -180.
-30
What is (4 + (24 - 4) - 29) + -13 + 1?
-17
-103 + 5 - (9 + -3 + 1 - (20 - 25))
-110
What is (0 - -21) + -17 - (1 + 0 + -4 + -30)?
37
Calculate 0 + 2 + (14 + 21 + 31 - 53).
15
1 + (-2 - 0) + -2 - (-28 + 67 + -46)
4
What is the value of -1709 + 1704 - (((-3 - -5) + 1 - 7) + 92)?
-93
Evaluate 20 + (-26 + (-4 - -24) - 18) + (-72 - -1).
-75
What is -13 - (-32 - (2 - 29))?
-8
What is the value of (17 + -15 - 13) + (1 + -5 - (48 + 1))?
-64
What is (-2 - 4 - -7) + -24?
-23
Evaluate -162 + 135 + -48 + -7.
-82
What is the value of 76 + (1 - (-13 + 22)) + 9 + -15?
62
What is -104 - (-4 - -4) - (-42 + 26 + -16 + 20)?
-92
-3 + 25 + -61 - -45
6
Evaluate 33 + (8 - 38) + -71.
-68
What is 8 - (11 - 2) - (-120 + 148)?
-29
Evaluate -116 - -173 - (35 - -2).
20
Calculate (-52 + -1 - -17 - -17) + -3.
-22
What is (-3 - (8 + (-5 - 8) - -24)) + -273 + 266?
-29
Evaluate -80 + 88 + -1 + (1 - 20).
-12
Calculate -27 + -481 + 498 + -1 + -13.
-24
Evaluate (295 - 263) + -27 + 2.
7
Calculate -25 - (-5 - (11 + -9 - (4 + 0))).
-22
What is the value of 4 - (-87 - (9 - 12 - (-8 - (11 - 3))))?
104
Evaluate -7 - -11 - ((111 - 0) + (23 - (20 - -12))).
-98
98 + -1 + (4 - (41 + (20 - 58)))
98
Calculate (-3 - -2) + -5 + 13 + -15.
-8
1535 - 1506 - (22 + -2 + 4)
5
What is -25 + 34 - 14 - -5?
0
What is the value of -3 + 5 + -9 + -51 + (-23 - -14 - -10)?
-57
What is 1 - (-50 + (45 - -39))?
-33
(-147 + 122 - (-30 - 1)) + 1 + (3 - -104)
114
Evaluate -62 - -69 - 49 - -44.
2
Evaluate -14 + (31 - 32) - -15.
0
(115 + -59 - 29) + -14
13
Calculate -30 - (10 + -30) - (-70 - (-1 + 6)).
65
(57 - 25 - 22) + 22 + (2 - -5)
39
What is 18 - 1 - (49 + -24 + -47)?
39
61 + 4 + (639 - 674)
30
Calculate 4 + (-53 - (-4 - (4 - 4)) - (111 - 102)).
-54
What is -12 + 64 + -32 - -20 - 17?
23
Evaluate 1 - -60 - ((-48 - (-53 + 2)) + -12).
70
(-37 - 6 - (32 + 8)) + 22
-61
Calculate 39 + (1 + 22 - 13).
49
-5 + 10 + (-2 - -2) + 84 + -14
75
Evaluate (-1 - 3) + 43 + (-90 - (124 + -237)).
62
6 + (55 - 15 - (-1 - -7)) - 13
27
Evaluate 91 - (47 + -8 + -29 + (3 - 21)).
99
-27 + -13 + (1 - -22) + 32
15
(-55059 - -55079) + (-1 + 2 - 12)
9
Calculate (7 + -29 - 36) + 58.
0
-143 - -91 - (67 - 0)
-119
What is (110 + 30 - (-5 + 60)) + 0 + 3?
88
Calculate 8 + (-8 - 6 - -2) + 23.
19
Evaluate (28 - (56 + -38)) + 18 + 20.
48
What is the value of 21 - (7 - (13 + (3 + -10 - 0)) - -9)?
11
Evaluate 25 + -45 - -8 - (3 - 37 - -3).
19
8 + (-3 + 3 - 2) + (-10 - (17 - 98))
77
0 + 8 - (-38 + 51) - (31 - 23 - -11)
-24
What is (-28 - (37 + (26 - 46))) + 31?
-14
What is (1 - (0 - -10)) + 1 + 1480 + -1450?
22
Evaluate -4 + (-20 - 5) + (-251 - -251).
-29
-32 + 63 + -49 + -25
-43
Calculate -51 + (-5 - 4 - (3 + -6)) + (-5 - -2).
-60
35 + -103 + 32 + 15
-21
What is -1 - (-51 - (-24 + 2 + 19))?
47
What is -8 + 48 + 1 - 49 - (-2 - -106)?
-112
-22 - -41 - 12 - ((33 - (2 - 2)) + -2)
-24
(-28 - -24) + -69 - -85
12
What is the value of 1 + 2 + -13 - (17 + (25 - 5 - 11))?
-36
Evaluate 0 + -92 + 1 + (153 - (386 - 216)).
-108
Evaluate -9 + 108 + -115 + (-9 - (8 + 2 + -5)).
-30
What is (24 - 0) + (-15 - (-27 - -15))?
21
Evaluate 65 + 66 + (-39 - -2).
94
What is the value of 6 + -3 - (-176 - -179 - (-14 + 1))?
-13
Calculate -20 + 42 + (-7 - -14) + -2.
27
What is the value of -3553 + 3636 - (-22 + -1)?
106
What is -59 + 13 + 1 + 74?
29
What is -1 + 15 - (-111 + 5 - (-38 - (-44 + 20)))?
106
-73 - -6 - (-9 + (-1 - -3 - (10 - 19)))
-69
Evaluate -89 + -20 + (-17 + -4 - -11) - -12 - 4.
-111
What is the value of (1 - (-8 + 2)) + -3 - (-470 + 460)?
14
Evaluate -43 + (12 + (0 - 19) - (-15 - -2)).
-37
26 - 7 - ((201 - 131) + (0 - 2))
-49
(16 - 44 - -46) + -21 + 22
19
What is (41 - (122 + -73)) + (-2 + 0 + 3 - -2)?
-5
Evaluate 1 + 0 - (1810 + -1848).
39
-119 + (15 - (7 + (-2 - 3))) + (10 - 15)
-111
What is the value of 28 + -19 + (-8 - 4) + 87 + -8?
76
Evaluate (37 - (33 - 14)) + (-19 - 6).
-7
Calculate -4 + 54 + 5 + 18 + 1 + -27.
47
(-1 - 38) + -1034 + 1085
12
What is the value of (-3 - (-12 + 14 + -20 - -12)) + 1 + -60?
-56
Calculate 46 - (1 + 0 - (10 - (42 - (16 - -29)))).
58
Evaluate -235 + 494 + -167 - (2 - 10).
100
2 - -3 - (38 + -28) - (3 - (5 - 7))
-10
What is 6 - (11 + 5 + -7 + -12 + -43)?
52
What is (6 - 75) + (-28 - (32 - 67))?
-62
What is -49 - (-15 - -77 - 63)?
-48
What is the value of 3 + -25 - (-9 - -4 - 16)?
-1
What is (-29 - (-21 + 43)) + 84?
33
Evaluate 50 + (29 - (120 + -43)).
2
What is the value of 129 + -109 + -20 + -4 - (120 + -5)?
-119
Evaluate -7 + -21 - (26 + -23) - (-10 - 2).
-19
What is the value of (-38 - 1) + (1 - (20 - 12))?
-46
-104 + (40 - (-26 + 39) - 9)
-86
Evaluate -39 - (-4 + -23 - 33).
21
Calculate 36 - (0 + (-3 - (-34 + 11))).
16
What is the value of -6 + -12 - (-65 - 0) - 17?
30
Evaluate 11 + -3 - (64 + -23 + -1).
-32
Evaluate -12 + 109 + -5 + -8 - (-84 + 98).
70
16 + 9 + 12 + 36 + 3
76
What is the value of 70 - (52 + 10 + -23)?
31
2 + 37 - (-3283 - -3237)
85
What is the value of 20 - ((-100 - -95) + (-2 - 0))?
27
What is 71 + (-2 + 17 - 13) + -24?
49
Evaluate 444 + -442 + 23 + -8 + (-9 - -2) + 2.
12
What is -11 + 22 + -42 + (13 + -29 - -7)?
-40
Calculate 182 + 51 - 212 - (6 - 1).
16
What is the value of ((0 - 9) + 1 - (-1 + 1)) + -338907 + 338882?
-33
Calculate (-43 - -91) + -3 + -96 - 36.
-87
(5 - 17) + 8 + (1 -